he units digit of 248670?
0
What is the ten thousands digit of 830943?
3
What is the thousands digit of 96519?
6
What is the ten thousands digit of 75357?
7
What is the hundred thousands digit of 513401?
5
What is the ten thousands digit of 822717?
2
What is the hundreds digit of 3473624?
6
What is the units digit of 32403886?
6
What is the ten thousands digit of 6134644?
3
What is the hundred thousands digit of 448258?
4
What is the hundreds digit of 3595082?
0
What is the hundred thousands digit of 2268648?
2
What is the millions digit of 1073719?
1
What is the tens digit of 14911866?
6
What is the hundred thousands digit of 2720289?
7
What is the tens digit of 4524116?
1
What is the thousands digit of 85496?
5
What is the units digit of 228750?
0
What is the thousands digit of 930105?
0
What is the ten thousands digit of 420879?
2
What is the ten thousands digit of 205015?
0
What is the hundreds digit of 3380100?
1
What is the units digit of 268447?
7
What is the units digit of 8529?
9
What is the tens digit of 5631295?
9
What is the hundreds digit of 951729?
7
What is the ten thousands digit of 2693163?
9
What is the units digit of 313174?
4
What is the units digit of 232032?
2
What is the hundreds digit of 3273034?
0
What is the hundred thousands digit of 4666160?
6
What is the hundred thousands digit of 1722753?
7
What is the tens digit of 943023?
2
What is the ten thousands digit of 370565?
7
What is the units digit of 171432?
2
What is the ten thousands digit of 3085545?
8
What is the tens digit of 24839201?
0
What is the ten thousands digit of 30928?
3
What is the units digit of 488288?
8
What is the hundreds digit of 79603?
6
What is the thousands digit of 73298?
3
What is the ten thousands digit of 960494?
6
What is the ten thousands digit of 1444549?
4
What is the tens digit of 90612?
1
What is the ten thousands digit of 61049?
6
What is the ten millions digit of 23862294?
2
What is the hundreds digit of 560114?
1
What is the thousands digit of 1559508?
9
What is the hundred thousands digit of 957136?
9
What is the hundred thousands digit of 150418?
1
What is the units digit of 88022?
2
What is the ten thousands digit of 2864543?
6
What is the millions digit of 7095618?
7
What is the hundreds digit of 2194997?
9
What is the units digit of 583966?
6
What is the ten thousands digit of 19707517?
0
What is the hundreds digit of 647412?
4
What is the tens digit of 8943075?
7
What is the units digit of 697826?
6
What is the ten thousands digit of 87828?
8
What is the hundred thousands digit of 10664460?
6
What is the units digit of 994897?
7
What is the units digit of 22016489?
9
What is the hundred thousands digit of 15674783?
6
What is the hundred thousands digit of 1253499?
2
What is the hundreds digit of 8604180?
1
What is the hundred thousands digit of 38859624?
8
What is the tens digit of 683156?
5
What is the hundreds digit of 1737383?
3
What is the ten thousands digit of 278703?
7
What is the tens digit of 3546555?
5
What is the hundred thousands digit of 11689269?
6
What is the ten thousands digit of 201365?
0
What is the thousands digit of 34512028?
2
What is the hundreds digit of 789853?
8
What is the thousands digit of 264395?
4
What is the units digit of 262724?
4
What is the hundreds digit of 439481?
4
What is the tens digit of 310072?
7
What is the tens digit of 4994846?
4
What is the ten thousands digit of 4071584?
7
What is the ten thousands digit of 107874?
0
What is the millions digit of 3995072?
3
What is the millions digit of 18102690?
8
What is the thousands digit of 431533?
1
What is the hundreds digit of 48438?
4
What is the hundreds digit of 286039?
0
What is the ten thousands digit of 445734?
4
What is the ten thousands digit of 10900?
1
What is the thousands digit of 445492?
5
What is the ten thousands digit of 138999?
3
What is the tens digit of 2466560?
6
What is the tens digit of 244099?
9
What is the millions digit of 32967833?
2
What is the thousands digit of 4030227?
0
What is the hundreds digit of 26662899?
8
What is the ten thousands digit of 338931?
3
What is the hundreds digit of 12257?
2
What is the units digit of 346751?
1
What is the hundreds digit of 3274836?
8
What is the units digit of 2290863?
3
What is the tens digit of 160100?
0
What is the ten thousands digit of 176428?
7
What is the thousands digit of 9698925?
8
What is the hundreds digit of 139720?
7
What is the thousands digit of 729679?
9
What is the units digit of 255088?
8
What is the units digit of 1448947?
7
What is the thousands digit of 1993283?
3
What is the thousands digit of 2139719?
9
What is the hundreds digit of 309938?
9
What is the ten thousands digit of 4221028?
2
What is the units digit of 238970?
0
What is the ten thousands digit of 300469?
0
What is the thousands digit of 7865840?
5
What is the units digit of 130313?
3
What is the ten thousands digit of 896548?
9
What is the thousands digit of 77815?
7
What is the hundred thousands digit of 11586838?
5
What is the hundreds digit of 6864001?
0
What is the thousands digit of 1244845?
4
What is the units digit of 3656917?
7
What is the hundred thousands digit of 210533?
2
What is the ten millions digit of 11284421?
1
What is the hundreds digit of 471209?
2
What is the hundreds digit of 833976?
9
What is the millions digit of 9071984?
9
What is the ten thousands digit of 9213839?
1
What is the tens digit of 372711?
1
What is the hundred thousands digit of 225018?
2
What is the hundreds digit of 171319?
3
What is the hundred thousands digit of 727437?
7
What is the ten thousands digit of 5273642?
7
What is the units digit of 190208?
8
What is the thousands digit of 8094915?
4
What is the thousands digit of 21052?
1
What is the units digit of 3956871?
1
What is the ten thousands digit of 1656739?
5
What is the tens digit of 625297?
9
What is the hundreds digit of 20618146?
1
What is the units digit of 83487?
7
What is the millions digit of 8155286?
8
What is the hundred thousands digit of 414809?
4
What is the thousands digit of 5907759?
7
What is the hundred thousands digit of 1056981?
0
What is the hundreds digit of 26341942?
9
What is the tens digit of 294803?
0
What is the hundreds digit of 627452?
4
What is the tens digit of 316419?
1
What is the millions digit of 2043367?
2
What is the tens digit of 98297?
9
What is the hundreds digit of 886001?
0
What is the hundreds digit of 13163611?
6
What is the thousands digit of 50220?
0
What is the ten thousands digit of 13554021?
5
What is the hundreds digit of 13429075?
0
What is the thousands digit of 508478?
8
What is the hundred thousands digit of 532121?
5
What is the hundreds digit of 5377109?
1
What is the ten thousands digit of 44037?
4
What is the tens digit of 1054865?
6
What is the thousands digit of 818136?
8
What is the thousands digit of 394155?
4
What is the units digit of 2984166?
6
What is the thousands digit of 319729?
9
What is the millions digit of 17937410?
7
What is the tens digit of 3868650?
5
What is the hundred thousands digit of 23446535?
4
What is the hundreds digit of 3166614?
6
What is the tens digit of 2253763?
6
What is the hundred thousands digit of 2180905?
1
What is the millions digit of 6962511?
6
What is the thousands digit of 1379833?
9
What is the units digit of 230915?
5
What is the tens digit of 155045?
4
What is the thousands digit of 744515?
4
What is the tens digit of 299744?
4
What is the hundreds digit of 331542?
5
What is the tens digit of 4624531?
3
What is the millions digit of 14385826?
4
What is the ten thousands digit of 3274250?
7
What is the thousands digit of 236391?
6
What is the hundreds digit of 6535486?
4
What is the thousands digit of 750899?
0
What is the tens digit of 17593?
9
What is the units digit of 224883?
3
What is the thousands digit of 7258804?
8
What is the tens digit of 355253?
5
What is the units digit of 192332?
2
What is the hundreds digit of 5379079?
0
What is the thousands digit of 3385935?
5
What is the units digit of 1586660?
0
What is the ten thousands digit of 233061?
3
What is the units digit of 920673?
3
What is the units digit of 18942?
2
What is the ten thousands digit of 142098?
4
What is the thousands digit of 3602410?
2
What is the ten t